s divided by i.
4
Suppose -y - 69 = -4*y. Suppose 56 = w + 12. Calculate the remainder when w is divided by y.
21
Let d(b) = -5*b**3 - b**2 - b - 1. Suppose 17 = 3*z - 7. Let r(k) = k**3 - 9*k**2 + 8*k + 7. What is the remainder when r(z) is divided by d(-1)?
3
Suppose -11*i - 8 = -12*i. Let t = 15 - i. What is the remainder when t is divided by 5?
2
Suppose d = 5*j + 4, -j = -4*d - 2*j + 16. What is the remainder when (42/(-8))/(-3)*d is divided by (2 - 8)/3 + 5?
1
Let d be 2/4 - (-58)/4. Suppose -3*s + 2 = -4*a + d, s = -2*a + 19. What is the remainder when a is divided by 5?
2
Let m(y) = -4*y - 4 - 2 + 4 - 3. Calculate the remainder when 31 is divided by m(-4).
9
Let t(z) = z**2 + 12*z - 18. What is the remainder when 17 is divided by t(-14)?
7
Let a be (2 - (-4)/2) + -1. Suppose 2*t = -3*b + 102, -5*b - a*t + 112 = -57. Calculate the remainder when b is divided by 0/1 + 1 + 16.
15
Let q(o) = -5*o**2 + 12*o + 1. What is the remainder when (-30)/9*9/(-2) is divided by q(1)?
7
Suppose -5*i + 4*i + 11 = 0. What is the remainder when 53 is divided by i?
9
Suppose 0 = -3*t + 17 - 5. Suppose -t*v = 5*i - 26, 2*i + 0*i - 20 = -4*v. Suppose -5*m + 3*m = -4. Calculate the remainder when v is divided by m.
0
Suppose -4*v = 11*v - 45. Calculate the remainder when 10 is divided by v.
1
Suppose 0 = 2*p - 2 - 0. Let i be 2 - 2*(0 + p). Calculate the remainder when 7 is divided by 4 - ((-1 - -2) + i).
1
Let i(a) = 8*a**3 - 26*a**2 + 26*a - 26. Let o(g) = -3*g**3 + 9*g**2 - 9*g + 9. Let v(z) = -4*i(z) - 11*o(z). What is the remainder when v(-5) is divided by 16?
14
Let r(k) = k**3 + 7*k**2 + 7*k + 5. What is the remainder when 47 is divided by r(-4)?
22
Let n be ((-14)/4 - -5)/((-6)/(-8)). Let s be 4 - -1 - 0/(-2). Suppose -n*m + 49 = s*d, 0 = 5*d - 4*m + 2*m - 41. What is the remainder when d is divided by 3?
0
Suppose 2*j - 6*j + 36 = 0. What is the remainder when 15 is divided by j?
6
Calculate the remainder when -20*2*40/(-25) is divided by 22.
20
Let o(p) = -2*p - 2. Let u be o(-2). Suppose -5*i - 40 = -u*t, 4*t - 128 + 26 = -i. Suppose 3*y + 0 = 27. What is the remainder when t is divided by y?
7
Let t(o) = -17*o - 14. Let l be t(-10). Suppose -f + l = 5*f. Calculate the remainder when 75 is divided by f.
23
Let g(s) be the second derivative of -2*s**3 + 3*s. What is the remainder when 23 is divided by g(-1)?
11
Suppose -2*l = 5*v - 18, -2*v + 5*l - 12 = 4. Calculate the remainder when v/(-3) - (-678)/18 is divided by 13.
11
Suppose 15 = z + 1. Calculate the remainder when 38 is divided by z.
10
Suppose -5*b = 5*m - 70 - 45, -2*b = -3*m - 71. Suppose -3*x = -13 - 17. Calculate the remainder when b is divided by x.
8
Suppose -u - 2*u + 393 = 0. Suppose -3*d + 89 = 5*h, 0 = -2*d + 4*d + 2*h - 62. Calculate the remainder when u is divided by d.
32
Let r(n) = -47*n**3 - n**2 - 2*n - 1. Suppose 0 = 4*q + j + 8, 3*q + 23 = -3*j - 2*j. Calculate the remainder when r(q) is divided by (-1)/(-4)*-4 + 1 + 24.
23
Let b be -34 + (-1)/(2/(-4)). Let j be b/(-6) - (-2)/3. What is the remainder when 190/j + (-2)/(-6) is divided by 11?
10
Let d be ((-4)/(-3))/(16/(-24)). Let j = -9 + 15. What is the remainder when (-2)/4 - 33/d is divided by j?
4
Suppose 3*o = -2*o + 20. Let p = 4 + -8. Calculate the remainder when (p/(-6))/(o/294) is divided by 17.
15
Let v(b) = b**3 + 20*b**2 - b - 18. Let c(f) = -f**3 + 5*f**2 + f - 3. What is the remainder when c(5) is divided by v(-20)?
0
Let d = -2 + 0. Let r be 1/3*(89 + d). Suppose 3*k = 5*i - r, -k - 6 = 2*i - 22. Calculate the remainder when 13 is divided by i.
6
Suppose 126 = 20*g - 18*g. What is the remainder when g is divided by 16?
15
Let q = -6 - -11. Suppose 55 + 13 = 4*w - 2*l, -2*w - 3*l + 34 = 0. What is the remainder when w is divided by q?
2
Suppose -r = -0*r + 2. Let u be 0/(3/(6/r)). What is the remainder when 7 + 2 + 1 - u is divided by 4?
2
Let a(d) = d**2 + d - 8. What is the remainder when a(8) is divided by 33?
31
Suppose 66 = 3*p + 3*g, 0*g - g - 86 = -5*p. Suppose -5*i = 4*f - 45, -2*f = -f - i - p. Let y = f - 7. What is the remainder when 22 is divided by y?
6
Let z(j) = j - 4. Let n be z(7). Suppose n*s - 49 = 14. Calculate the remainder when s is divided by 11.
10
Let t be 27/4 + 12/(-16). What is the remainder when (5 - t/2)*28 is divided by 19?
18
Suppose -l - l + 42 = -2*z, 5*z - 20 = 0. Calculate the remainder when l is divided by (24/4 - -1)/1.
4
Suppose -4*u = 15 - 3. Let h = u + -1. Calculate the remainder when 29 is divided by (-56)/(-6) - h/6.
9
Suppose 0*w = -w - 5*i + 15, 0 = w - 5*i + 15. Suppose w = 2*p + 3*p - 55. Calculate the remainder when 41 is divided by p.
8
Let b be 1 + 2 + 0 - -1. Let g = -2 + b. Let u(x) = 2*x**3 - 4*x + 3. Calculate the remainder when 31 is divided by u(g).
9
Let t be 1 + 0 + (-133 - -2). Let p(s) = -89*s**2 - s. Let n be p(1). Let o = n - t. Calculate the remainder when o is divided by 14.
12
Let i(d) = 5*d + 11. What is the remainder when i(4) is divided by 14?
3
Let n(v) = -v**2 - 19*v - 4. What is the remainder when 39 is divided by n(-18)?
11
Suppose 2 + 2 = c. Suppose 5*t - 97 - 83 = 0. Suppose 0 = -4*g + 2*f + t, -5*g + 5*f + 53 + 2 = 0. What is the remainder when g is divided by c?
3
Suppose 0 = h - 9 - 47. Calculate the remainder when h is divided by 20.
16
Calculate the remainder when (32/80)/((-1)/(-60)) is divided by 7.
3
Let f = -13 + 16. Suppose 5*h + f*u - 47 = 0, h = u - 1 + 4. What is the remainder when h is divided by 4?
3
What is the remainder when 137 is divided by 6/27 - 2947/(-63)?
43
What is the remainder when 1*-2*(-105)/6 is divided by 19?
16
Let k = -3 - -5. Let n = 3 - k. Let h = 3 + -2. Calculate the remainder when h is divided by n.
0
Suppose -3*l = 2*l - 35. Calculate the remainder when -8*(1/(-4) - 2) is divided by l.
4
Let p(q) = 7*q**2 + q. Let a be p(1). Let g = 85 + -30. Calculate the remainder when g is divided by ((-38)/a)/(1/(-4)).
17
Suppose 8 = 4*m - 4. Suppose -3*b = 2*y - 19, 2*y - 2*b + m = -3. Suppose y*x = -0*x + 70. Calculate the remainder when x is divided by 12.
11
Suppose -3*j = 2*k - 23, 3*k = k + j + 43. Calculate the remainder when 73 is divided by k.
16
Let m = 12 - 10. Suppose 6 + 2 = 4*k. Calculate the remainder when m is divided by k.
0
Let y be (2/(-3))/((-1)/6). Suppose -y*m - 4 = -5*m. Suppose 5*k - 8 = 7. What is the remainder when m is divided by k?
1
Suppose 4*w = 5*o + 207, -3*w + 138 = -0*o + 2*o. Suppose -5*d + w = -2*d. What is the remainder when 30 is divided by d?
14
Suppose 4*a - 130 = -14. Suppose -2*h + a = 5*z, 3*z + z = 5*h + 10. Suppose 46 = d + z*t, -d - 4*t + 39 + 5 = 0. What is the remainder when d is divided by 19?
17
Let u = -17 - -19. Calculate the remainder when (-4)/(-10)*(-3 - -13) is divided by u.
0
Suppose -3 = 2*x - 39. Let f = 3 + x. What is the remainder when 61 is divided by f?
19
Suppose -4*w - 16 = -148. What is the remainder when w is divided by (-65)/(-5) + 1 + -2?
9
Suppose 2*m + 18 = 8*m. What is the remainder when 17 is divided by m?
2
Suppose -4*b + 3*k + 13 + 3 = 0, -b - 4*k = -4. Suppose -7*h - 3*o = -2*h - 19, b*o = -h + 14. Calculate the remainder when h is divided by 2.
0
Suppose -4*o = -4*x - 60, -2*x = o + 3*x + 3. Suppose 0 = 9*l - 106 - 101. Calculate the remainder when l is divided by o.
11
Let n(p) = -p - 3. Let l(z) = -z - 6. Let j be l(-6). Let f = -5 + j. What is the remainder when 2 is divided by n(f)?
0
Let i = -116 + 191. Calculate the remainder when i is divided by 13.
10
Suppose -4*u + 8 = -2*u. Suppose u*g - 25 - 87 = 0. Suppose -f + 39 = 4*j, 5*j - 3*j = 4*f + 24. Calculate the remainder when g is divided by j.
8
Suppose 7 = 4*n - 1, n - 112 = -5*v. Calculate the remainder when v is divided by 9.
4
Suppose 33 = -2*b + 97. Let x = -16 + 28. Suppose -1 + x = s. Calculate the remainder when b is divided by s.
10
Calculate the remainder when (405/10)/((-6)/(-8)) is divided by 11.
10
Let n = 1 - 1. Let m be (6/4)/(3/4). Suppose -u = 2*b + m*u - 38, -5*b - 3*u + 77 = n. What is the remainder when 37 is divided by b?
11
Suppose -4*v = 3*h - 22, -2 = h + v - 9. Suppose -2*u - 4*j + 28 = 0, -5*u - j = -91 + 12. Calculate the remainder when u is divided by h.
4
Calculate the remainder when 59 is divided by -5*4/50 + 77/5.
14
Suppose 4*q = -w - 0*q + 